= -459*q. Is q a composite number?
True
Suppose 5*h = 16*h. Suppose 4911 = 5*k + 4*v, -13*k + 8*k - 3*v + 4907 = h. Is k composite?
True
Let m(h) = 6*h**2 + 3*h + 10. Let d be m(7). Suppose -3*a + 6*t + 264 = 8*t, 5*t - 255 = -3*a. Let w = d - a. Is w a composite number?
True
Suppose -7935668 = -29*m - 1137024. Suppose 145031 = 33*u - m. Is u a composite number?
True
Let v(b) = -b**2 + 14*b - 22. Let y be v(17). Let m = 124 + y. Suppose -1673 = -4*d + m. Is d prime?
True
Let t = 89756 - 51442. Is t a prime number?
False
Suppose -d + 2*n + 2810613 = 51434, -4*n + 5518310 = 2*d. Is d a composite number?
False
Suppose 5*b + 4*g = 2416, -5*b - 5*g + 2449 = 29. Suppose -2 = -n - n, 0 = -4*a - 4*n + 680. Let y = b - a. Is y a prime number?
True
Let s(h) = 7*h**2 + 205. Let z be 440/12 + 12/9. Is s(z) composite?
False
Suppose 4*h = -4*f + 1412, 5*h + 222 + 1190 = 4*f. Let a(y) = f*y**3 + 2 - 2 - 134*y**3 - y**2. Is a(1) a prime number?
False
Is 1 + -11 + (14 - -172183) a prime number?
False
Suppose 0 = -2*y + 5*n + 1558, 93 + 1465 = 2*y + 5*n. Let t(b) = 623*b**2 + 12*b - 3. Let x be t(1). Suppose y = c - x. Is c a prime number?
False
Let n(o) = 9956*o - 181. Is n(10) composite?
True
Let v(i) be the second derivative of 40*i**3/3 + 59*i**2/2 - 7*i + 1. Is v(10) a composite number?
False
Let y = -5 + 15. Suppose y*c + 108464 = 26*c. Is c a composite number?
False
Let s = -3689 + 12060. Is s prime?
False
Let m = -844 - -1009. Let t be 2/(-4) - 351/(-6). Let q = m + t. Is q a composite number?
False
Let v be (2/(-5))/((-46)/115)*-1. Is 2/(-2)*v + 2282 + 10 prime?
True
Suppose 4*i + 5*a = 20197, -3*i + 4*a + 0*a + 15109 = 0. Let m = -2767 + i. Suppose -4*x + 1030 = 2*z - m, -4*z + 6630 = -x. Is z a composite number?
False
Let o = -127 - -131. Let g be o/6 + 159*2/9. Suppose -g*q + 40*q - 10436 = 0. Is q composite?
False
Suppose -64*m + 68*m + h - 963488 = 0, -722629 = -3*m - 4*h. Is m a prime number?
False
Suppose -14*r = 5*g - 9*r - 237765, -4*r = 2*g - 95102. Is g prime?
False
Let x(q) = q**2 + 48*q + 53. Let i be x(-47). Suppose -4 = -4*n, 3*p - i*n = -4*n + 15295. Is p prime?
True
Let s be 1/3 - ((-31)/(-3) + 1). Is (-7 - -8) + s/(22/(-96)) a prime number?
False
Suppose 60 = -k + 62. Let s be (-1 - 9/(-6))/(k/16). Suppose 3*b = s*b - 257. Is b composite?
False
Is (-44)/(-11) - 1*554716/12*-3 composite?
False
Let a(w) = w**3 - 3*w**2 - 8*w + 16. Let j be a(4). Suppose 3*r + x - 1982 = 0, j*x + 3320 = 5*r + 5*x. Is -3 + r + -3 - 0 prime?
True
Suppose 2*c + 9377 = 3*n, 52 = 5*n + 5*c - 15593. Suppose 0 = -3*r + n + 650. Is r composite?
False
Let p be -3*5/(-15)*2. Suppose -2*b - 3*y + 802 = -2263, -3058 = -p*b + 4*y. Is b a composite number?
False
Suppose -14*m + 540 = -2*m. Is 88815/m - (-3 - 33/(-9)) a composite number?
False
Suppose -2*t + 36 = -3*f, 11*t - 7*t = -5*f + 50. Suppose -10784 = -3*b + c, 10 = -5*c - t. Is b composite?
False
Suppose -6*p - 370 = 140. Let d = p + 115. Suppose 0 = -25*b + d*b - 9725. Is b a composite number?
True
Let b(a) = -2*a**3 + 2*a**2 + 36*a + 61. Is b(-14) a composite number?
False
Suppose -35*c + 5*l = -36*c + 72144, -216415 = -3*c + 2*l. Is c composite?
False
Let p be 1906*(21/(-14) + 2 + 2). Suppose -3*j - j + p = -5*l, 5*j - 5960 = 5*l. Is j a composite number?
True
Let a = 80648 - -38421. Is a composite?
False
Let t(r) = 2993*r**3 + 8*r**2 - 33*r - 7. Is t(3) composite?
False
Let f = 550531 + -386174. Is f a composite number?
False
Suppose 0*k = -2*k + 96. Suppose -23*s = -21*s - k. Is -2*(-45 - (-4)/s*-3) composite?
True
Let c(s) = 6856*s**2 + 16*s + 61. Is c(-6) prime?
True
Is 3057882/8*136/102 composite?
False
Let m(k) be the second derivative of 5*k**3/6 - 31*k**2/2 + 43*k. Let b = 90 - 77. Is m(b) composite?
True
Suppose 2*q - 3*p = -3222, 0*q + 2*q - 5*p = -3222. Suppose -3*x = -3*s - 204, 4*s + x = -420 + 173. Is s/(-27)*2/((-6)/q) composite?
True
Suppose 11 = -m + 2*m + 3*a, -1 = -5*m + 3*a. Let q be (-10)/6*(m - (1 + 4)). Suppose -p + 1471 = 3*x - q*x, -p + 5*x = -1456. Is p a prime number?
True
Suppose 21*z + 152 = 25*z. Suppose 37*h = z*h - 1087. Is h a composite number?
False
Let z = 14489 + -27142. Let p = -8860 - z. Is p prime?
True
Let s = 264 + -272. Is 156 + (s + 3 - 0 - -6) prime?
True
Suppose 10*w = 1278 - 78. Suppose 5*b - n - 1074 = 0, 4*n - 78 = -b + w. Is b composite?
True
Let l = -844163 - -1332949. Is l a prime number?
False
Let m = 94 + -89. Let q(g) = 523*g**2 - 18*g + 62. Is q(m) a prime number?
False
Suppose -15*m + 1019 = -541. Suppose 0 = -o + m + 1553. Is o a composite number?
False
Let d(g) = g**3 - 25*g**2 + 9*g + 3. Let n be d(15). Let v = n - -6884. Suppose -7*a + 3*a = -v. Is a prime?
True
Let l(q) be the third derivative of -q**4/6 - 29*q**3/6 - 45*q**2. Let s be l(-8). Is ((s/(-2))/(-3))/(11/43538) composite?
False
Let v = -385144 - -763155. Is v prime?
True
Suppose 6*l + 0*l = 2382. Let t(u) = 10*u + 68. Let p be t(-23). Let c = l - p. Is c prime?
False
Suppose -40*w + 121389 = -185917 + 14546. Is w composite?
True
Let v(u) = -28*u + 23. Let k be v(-11). Let c be 1/(-3) + (18870/18)/(-5). Let b = c + k. Is b a prime number?
False
Let p be -2*2/4*0. Suppose 18*a - 18410 = 9382. Suppose t = -d + a, -5*d - 4*t - 3503 + 11222 = p. Is d a prime number?
True
Suppose -z - 19 = 2*a, 3*a - 4 = -z + 2*z. Let o = 12 + z. Is o/(((-4)/9236)/1) a composite number?
False
Suppose 2*k + 222*h - 88034 = 219*h, -k + 5*h + 44017 = 0. Is k a prime number?
True
Let f = 19 + -16. Suppose -f*l + 141 = -273. Is (l/12)/((-2)/(-148)) composite?
True
Let p = 89030 - 37413. Is p a prime number?
False
Let j be (-186511)/3 + (-6)/72*-4. Let o = j - -127769. Is o a composite number?
False
Suppose -3*w - 3*a = 2*a - 4596, -3*a = -4*w + 6128. Suppose 4*m + 16 = -0. Is 4 + (2 - w/m) prime?
True
Let f(o) = -1100*o - 309. Let u be f(-8). Let s = -2418 + u. Is s prime?
True
Suppose 4*v + n = 0, 3*n + 5 = 5*v + 22. Is (-8291)/v + (-20)/5 a prime number?
True
Suppose -3*d - 40 = -8*d - 2*v, 0 = 4*d - 5*v + 1. Suppose -d*w = 3*w - 12051. Is w a composite number?
True
Let r = 10067 - 15458. Let m = r + 9392. Is m a composite number?
False
Suppose 6793 = -5*t + 87418. Let r = 28078 - t. Is r composite?
False
Suppose -610655 = -5*m - 3*i, -2*i = 6*m - 8*m + 244262. Is m composite?
False
Suppose 3*j - 22*f + 19*f = 916971, -4*f = 2*j - 611350. Is j a prime number?
True
Let x(s) = -1657*s**3 + 21*s**2 - 7. Is x(-5) composite?
False
Suppose -9*b + 6*b + 16*b = 1058863. Is b composite?
True
Suppose 0 = 6*q - 12*q + 54. Let u(w) = 2*w**2 - 17*w - 6. Let o be u(q). Is 7/(7/4) + 101*o prime?
True
Let h(l) = -36*l**2 + 6*l - 63. Let f be h(-7). Let x = -610 - f. Is x composite?
False
Let x = -21 - 16. Let r = 85 + x. Suppose 0 = w - 203 - r. Is w composite?
False
Let o = -916 - -929. Suppose w + 2 = 0, -17*x = -o*x - w - 810. Is x a prime number?
False
Suppose 0 = 36*u + 306284 - 908744. Is u a composite number?
True
Let k(o) = 5 + 2 + 4 - 3 + 109*o**2 - 7 - 156*o. Is k(-6) a composite number?
False
Suppose -4*x = 8, x + 262943 + 61404 = 3*t. Suppose -v - 4*v + 3*u = -27, -u - 29 = -5*v. Is 3/v + t/14 a composite number?
False
Is (-7 - (-65)/10) + 14467640/16 composite?
True
Is 5*(-5 + 7) + (14 - -438129) prime?
False
Suppose 187817 = 2*k - 288*t + 285*t, -469538 = -5*k + 3*t. Is k a composite number?
True
Let v = 126792 + 25949. Is v a prime number?
False
Let k(r) = 6*r**2 - 389. Is k(-51) prime?
True
Let y be (1 - -40)*(-1888)/(-16). Suppose -n = -s - y, 0 = 2*n + s - 4796 - 4871. Is n prime?
False
Is 9*(-2)/(-180) - (-7351845)/50 a composite number?
True
Is 87444 - -24 - (6 + -11) prime?
True
Let i(k) = -140*k - 20. Suppose -o - 9 = -25. Let u be i(o). Let x = 4869 + u. Is x a prime number?
True
Let b = 503851 - -331132. Is b prime?
True
Let d(x) = -2*x**3 - 48*x**2 + 68*x + 518. Is d(-34) prime?
False
Let j(n) be the first derivative of -n**4/4 - 13*n**3/3 - 6*n**2 + n - 772. Let r(x) = -4*x + 5. Let p be r(5). Is j(p) a prime number?
True
Let y(f) = -f + 16. Let u be y(7). Suppose 6066 = -u*w + 18684. Is w a composite number?
True
Let d(t) = -3*t + 4. Let x be d(-3). Let q(i) = -i**3 + 1. Let w(k) = -5*k**3 + 13*k**2 + 7*k - 10. Let f(o) = -4*q(o) + w(o). Is f(x) a prime number?
False
Suppose 1 = 3*k - 2, 2*w - 4*